is the hundreds digit of 6043282229?
2
What is the thousands digit of 639628816?
8
What is the ten millions digit of 78188102?
7
What is the hundred thousands digit of 51625131?
6
What is the hundred thousands digit of 1422799795?
7
What is the hundred thousands digit of 4282412?
2
What is the units digit of 3957627273?
3
What is the millions digit of 97023327?
7
What is the tens digit of 8272640?
4
What is the ten millions digit of 5981717432?
8
What is the billions digit of 1877706294?
1
What is the thousands digit of 1508682063?
2
What is the tens digit of 117971209?
0
What is the hundreds digit of 616885763?
7
What is the millions digit of 984042152?
4
What is the tens digit of 912062998?
9
What is the hundred thousands digit of 144589255?
5
What is the hundred thousands digit of 3316373654?
3
What is the millions digit of 269116211?
9
What is the units digit of 2071493945?
5
What is the hundred thousands digit of 600237721?
2
What is the hundred thousands digit of 176373132?
3
What is the millions digit of 68020865?
8
What is the ten thousands digit of 454134792?
3
What is the thousands digit of 650168323?
8
What is the thousands digit of 64302762?
2
What is the units digit of 32105383?
3
What is the units digit of 49688861?
1
What is the ten millions digit of 347113687?
4
What is the hundreds digit of 68281791?
7
What is the hundreds digit of 9196556?
5
What is the thousands digit of 28259495?
9
What is the millions digit of 573051853?
3
What is the ten millions digit of 29052813?
2
What is the hundreds digit of 678276234?
2
What is the ten thousands digit of 3398148841?
4
What is the millions digit of 1123980793?
3
What is the ten thousands digit of 355536904?
3
What is the ten millions digit of 91282213?
9
What is the tens digit of 207146960?
6
What is the units digit of 37074993?
3
What is the ten millions digit of 148270544?
4
What is the tens digit of 169726384?
8
What is the millions digit of 794587502?
4
What is the units digit of 3155607556?
6
What is the hundreds digit of 152510650?
6
What is the ten thousands digit of 225092009?
9
What is the ten millions digit of 631765535?
3
What is the hundred thousands digit of 100049697?
0
What is the ten millions digit of 1838350460?
3
What is the ten millions digit of 65076964?
6
What is the hundred millions digit of 171584751?
1
What is the ten millions digit of 128011319?
2
What is the hundred thousands digit of 5197499135?
4
What is the hundreds digit of 14384244?
2
What is the hundred millions digit of 122947363?
1
What is the hundred thousands digit of 210069677?
0
What is the ten millions digit of 57583248?
5
What is the hundred thousands digit of 109636143?
6
What is the tens digit of 754659432?
3
What is the tens digit of 112404773?
7
What is the tens digit of 810367527?
2
What is the hundreds digit of 261619934?
9
What is the thousands digit of 261109291?
9
What is the thousands digit of 264830175?
0
What is the units digit of 186095612?
2
What is the thousands digit of 47352089?
2
What is the hundred millions digit of 128222347?
1
What is the thousands digit of 199218553?
8
What is the ten millions digit of 2912664215?
1
What is the ten thousands digit of 180652291?
5
What is the hundreds digit of 97420492?
4
What is the thousands digit of 6130265?
0
What is the thousands digit of 242883386?
3
What is the ten millions digit of 886614575?
8
What is the thousands digit of 113737237?
7
What is the tens digit of 41856313?
1
What is the hundred millions digit of 558396155?
5
What is the hundred thousands digit of 65346897?
3
What is the millions digit of 2072385173?
2
What is the thousands digit of 39310807?
0
What is the hundreds digit of 230468863?
8
What is the millions digit of 65942500?
5
What is the ten thousands digit of 25149531?
4
What is the thousands digit of 732805241?
5
What is the ten thousands digit of 77138742?
3
What is the millions digit of 3641377806?
1
What is the hundred thousands digit of 360799007?
7
What is the ten millions digit of 234261064?
3
What is the billions digit of 1178185710?
1
What is the hundred thousands digit of 3572705032?
7
What is the hundred thousands digit of 4717909672?
9
What is the thousands digit of 36331102?
1
What is the tens digit of 84678210?
1
What is the tens digit of 4722952217?
1
What is the ten thousands digit of 1731830178?
3
What is the hundred thousands digit of 470553989?
5
What is the hundred thousands digit of 78123959?
1
What is the hundreds digit of 48940484?
4
What is the hundred millions digit of 1431985108?
4
What is the hundred thousands digit of 66163291?
1
What is the hundred thousands digit of 188391175?
3
What is the millions digit of 130623743?
0
What is the billions digit of 5962968321?
5
What is the billions digit of 1689031198?
1
What is the units digit of 77849064?
4
What is the hundred thousands digit of 322928648?
9
What is the tens digit of 76045381?
8
What is the ten millions digit of 32247693?
3
What is the thousands digit of 232754647?
4
What is the hundred thousands digit of 156052483?
0
What is the ten thousands digit of 24188774?
8
What is the millions digit of 133495979?
3
What is the hundred thousands digit of 4227340204?
3
What is the units digit of 501878787?
7
What is the hundred thousands digit of 43384720?
3
What is the units digit of 4096102278?
8
What is the hundreds digit of 22653710?
7
What is the hundreds digit of 42492963?
9
What is the hundred millions digit of 147264151?
1
What is the ten thousands digit of 79609675?
0
What is the tens digit of 236483226?
2
What is the millions digit of 122179075?
2
What is the hundred millions digit of 3281142300?
2
What is the hundred millions digit of 369432135?
3
What is the ten thousands digit of 610978441?
7
What is the hundreds digit of 798146615?
6
What is the millions digit of 261557932?
1
What is the ten millions digit of 162434934?
6
What is the units digit of 29589479?
9
What is the tens digit of 870897335?
3
What is the hundreds digit of 57917373?
3
What is the hundred thousands digit of 279113783?
1
What is the thousands digit of 2273517069?
7
What is the millions digit of 616724169?
6
What is the ten thousands digit of 50868544?
6
What is the ten millions digit of 15810189?
1
What is the hundreds digit of 31846612?
6
What is the millions digit of 3528978?
3
What is the ten thousands digit of 5353727030?
2
What is the millions digit of 917995932?
7
What is the hundreds digit of 5181890?
8
What is the hundreds digit of 503031491?
4
What is the ten thousands digit of 389991663?
9
What is the hundreds digit of 54969385?
3
What is the hundreds digit of 420251387?
3
What is the units digit of 48953112?
2
What is the units digit of 851882815?
5
What is the hundred thousands digit of 79361896?
3
What is the units digit of 1878922838?
8
What is the tens digit of 1147020430?
3
What is the hundred thousands digit of 463633792?
6
What is the millions digit of 1683063865?
3
What is the thousands digit of 1053481097?
1
What is the units digit of 51238668?
8
What is the ten thousands digit of 48444772?
4
What is the hundreds digit of 106955975?
9
What is the millions digit of 520750697?
0
What is the tens digit of 28056288?
8
What is the tens digit of 58593783?
8
What is the units digit of 597694797?
7
What is the units digit of 32417104?
4
What is the tens digit of 172554135?
3
What is the hundreds digit of 185516709?
7
What is the ten thousands digit of 700310059?
1
What is the ten thousands digit of 1875646532?
4
What is the units digit of 77853151?
1
What is the millions digit of 92833034?
2
What is the ten millions digit of 156890736?
5
What is the ten millions digit of 562172258?
6
What is the hundred thousands digit of 100600426?
6
What is the hundred millions digit of 4849637138?
8
What is the hundred millions digit of 536531612?
5
What is the millions digit of 8779190?
8
What is the ten millions digit of 1265357062?
6
What is the units digit of 200067774?
4
What is the hundred millions digit of 815692282?
8
What is the thousands digit of 2016459?
6
What is the hundred thousands digit of 133235928?
2
What is the ten thousands digit of 216732331?
3
What is the units digit of 59357402?
2
What is the millions digit of 338202243?
8
What is 